{"id":260,"date":"2014-04-07T19:57:03","date_gmt":"2014-04-07T18:57:03","guid":{"rendered":"http:\/\/www.solarmobil.jakob-fugger-gymnasium.de\/?page_id=260"},"modified":"2023-06-14T12:14:41","modified_gmt":"2023-06-14T11:14:41","slug":"download","status":"publish","type":"page","link":"https:\/\/www.solarmobil.jakob-fugger-gymnasium.de\/?page_id=260","title":{"rendered":"Download"},"content":{"rendered":"<div id=\"attachment_1471\" style=\"width: 160px\" class=\"wp-caption alignright\"><a href=\"https:\/\/www.solarmobil.jakob-fugger-gymnasium.de\/wp-content\/uploads\/2021\/04\/icon-1728556_640.jpg\"><img aria-describedby=\"caption-attachment-1471\" loading=\"lazy\" class=\"wp-image-1471 size-thumbnail\" src=\"https:\/\/www.solarmobil.jakob-fugger-gymnasium.de\/wp-content\/uploads\/2021\/04\/icon-1728556_640-150x150.jpg\" alt=\"Icon Download\" width=\"150\" height=\"150\" srcset=\"https:\/\/www.solarmobil.jakob-fugger-gymnasium.de\/wp-content\/uploads\/2021\/04\/icon-1728556_640-150x150.jpg 150w, https:\/\/www.solarmobil.jakob-fugger-gymnasium.de\/wp-content\/uploads\/2021\/04\/icon-1728556_640-300x300.jpg 300w, https:\/\/www.solarmobil.jakob-fugger-gymnasium.de\/wp-content\/uploads\/2021\/04\/icon-1728556_640-100x100.jpg 100w, https:\/\/www.solarmobil.jakob-fugger-gymnasium.de\/wp-content\/uploads\/2021\/04\/icon-1728556_640-200x200.jpg 200w, https:\/\/www.solarmobil.jakob-fugger-gymnasium.de\/wp-content\/uploads\/2021\/04\/icon-1728556_640-450x450.jpg 450w, https:\/\/www.solarmobil.jakob-fugger-gymnasium.de\/wp-content\/uploads\/2021\/04\/icon-1728556_640-600x600.jpg 600w, https:\/\/www.solarmobil.jakob-fugger-gymnasium.de\/wp-content\/uploads\/2021\/04\/icon-1728556_640.jpg 640w\" sizes=\"(max-width: 150px) 100vw, 150px\" \/><\/a><p id=\"caption-attachment-1471\" class=\"wp-caption-text\">Icon Download<\/p><\/div>\n<p>F\u00fcr einen besseren \u00dcberblick gibt es hier alle wichtigen Informationen auf einen Blick zum Download.<\/p>\n<p>Zum Einstieg gibt es hier das Informationsschreiben f\u00fcr <a href=\"https:\/\/www.solarmobil.jakob-fugger-gymnasium.de\/wp-content\/uploads\/2021\/04\/Sch\u00fclerinfo_2021.pdf\" target=\"_blank\" rel=\"noopener noreferrer\">Sch\u00fclerinnen und Sch\u00fcler<\/a>.<\/p>\n<p><a href=\"https:\/\/www.solarmobil.jakob-fugger-gymnasium.de\/wp-content\/uploads\/2022\/03\/Anmeldeformular_SolarMobil_2022.docx\" target=\"_blank\" rel=\"noopener noreferrer\">Hier<\/a> finden Sie das <a href=\"https:\/\/www.solarmobil.jakob-fugger-gymnasium.de\/wp-content\/uploads\/2022\/03\/Anmeldeformular_SolarMobil_2022.docx\" target=\"_blank\" rel=\"noopener noreferrer\">Anmeldeformular<\/a>&nbsp; f\u00fcr den Wettbewerb. Bitte beachten Sie, dass Ihre Anmeldung erst mit dem Zahlungseingang g\u00fcltig ist und Sie dann auch erst die Anmeldebest\u00e4tigung erhalten.<\/p>\n<p>Des Weiteren finden Sie <a href=\"https:\/\/www.solarmobil.jakob-fugger-gymnasium.de\/?page_id=160\">hier<\/a> das Reglement f\u00fcr die Ultraleichtklasse oder Kreativklasse.<\/p>\n<p>Au\u00dferdem ist die aktuelle <a href=\"https:\/\/www.solarmobil.jakob-fugger-gymnasium.de\/wp-content\/uploads\/2023\/06\/Plakatentwurf_SolarMobil_Bayern_2023.pptx\" target=\"_blank\" rel=\"noopener\">Plakatvorlage<\/a> f\u00fcr die Teams verf\u00fcgbar (u.a. mit den aktualisierten <a href=\"https:\/\/www.solarmobil.jakob-fugger-gymnasium.de\/?page_id=121\">Sponsoren<\/a>). Dabei ist darauf zu achten, dass der Folienmaster nicht ver\u00e4ndert werden darf und alle Elemente sichtbar sein m\u00fcssen. Es darf ein Hintergrund (Farbe, Textur oder Bild in der entsprechenden Abt\u00f6nung) verwendet werden, wenn dadurch die Masterelemente, wie Werbelogos oder SolarMobil-Logo lesbar bleiben. Im Zweifel lieber fr\u00fchzeitig nachfragen, da wir sonst die Hintergr\u00fcnde auf wei\u00df setzen m\u00fcssen.<\/p>\n<p><a href=\"https:\/\/www.solarmobil.jakob-fugger-gymnasium.de\/wp-content\/uploads\/2023\/06\/Plakatentwurf_SolarMobil_Bayern_2023.pptx\" target=\"_blank\" rel=\"noopener\">Plakatvorlagen 2023 als pptx-Datei<\/a><\/p>\n","protected":false},"excerpt":{"rendered":"<p>F\u00fcr einen besseren \u00dcberblick gibt es hier alle wichtigen Informationen auf einen Blick zum Download. Zum Einstieg gibt es hier das Informationsschreiben f\u00fcr Sch\u00fclerinnen und Sch\u00fcler. Hier finden Sie das Anmeldeformular&nbsp; f\u00fcr den Wettbewerb. Bitte beachten Sie, dass Ihre Anmeldung<span class=\"ellipsis\">&hellip;<\/span><\/p>\n<div class=\"read-more\"><a href=\"https:\/\/www.solarmobil.jakob-fugger-gymnasium.de\/?page_id=260\">Weiterlesen \u203a<\/a><\/div>\n<p><!-- end of .read-more --><\/p>\n","protected":false},"author":2,"featured_media":0,"parent":0,"menu_order":10,"comment_status":"closed","ping_status":"closed","template":"","meta":{"ngg_post_thumbnail":0},"yoast_head":"<!-- This site is optimized with the Yoast SEO plugin v18.4.1 - https:\/\/yoast.com\/wordpress\/plugins\/seo\/ -->\n<title>Download -<\/title>\n<meta name=\"description\" content=\"Download-Bereich f\u00fcr alle wichtigen Informationen rund um den Technikwettbewerb SolarMobil Bayern\" \/>\n<meta name=\"robots\" content=\"index, follow, max-snippet:-1, max-image-preview:large, max-video-preview:-1\" \/>\n<link rel=\"canonical\" href=\"https:\/\/www.solarmobil.jakob-fugger-gymnasium.de\/?page_id=260\" \/>\n<meta property=\"og:locale\" content=\"de_DE\" \/>\n<meta property=\"og:type\" content=\"article\" \/>\n<meta property=\"og:title\" content=\"Download -\" \/>\n<meta property=\"og:description\" content=\"Download-Bereich f\u00fcr alle wichtigen Informationen rund um den Technikwettbewerb SolarMobil Bayern\" \/>\n<meta property=\"og:url\" content=\"https:\/\/www.solarmobil.jakob-fugger-gymnasium.de\/?page_id=260\" \/>\n<meta property=\"og:site_name\" content=\"SolarMobil Bayern\" \/>\n<meta property=\"article:modified_time\" content=\"2023-06-14T11:14:41+00:00\" \/>\n<meta property=\"og:image\" content=\"https:\/\/www.solarmobil.jakob-fugger-gymnasium.de\/wp-content\/uploads\/2021\/04\/icon-1728556_640-150x150.jpg\" \/>\n<meta name=\"twitter:card\" content=\"summary_large_image\" \/>\n<meta name=\"twitter:label1\" content=\"Gesch\u00e4tzte Lesezeit\" \/>\n\t<meta name=\"twitter:data1\" content=\"2\u00a0Minuten\" \/>\n<script type=\"application\/ld+json\" class=\"yoast-schema-graph\">{\"@context\":\"https:\/\/schema.org\",\"@graph\":[{\"@type\":\"Organization\",\"@id\":\"https:\/\/www.solarmobil.jakob-fugger-gymnasium.de\/#organization\",\"name\":\"SolarMobil Bayern\",\"url\":\"https:\/\/www.solarmobil.jakob-fugger-gymnasium.de\/\",\"sameAs\":[],\"logo\":{\"@type\":\"ImageObject\",\"@id\":\"https:\/\/www.solarmobil.jakob-fugger-gymnasium.de\/#logo\",\"inLanguage\":\"de\",\"url\":\"https:\/\/www.solarmobil.jakob-fugger-gymnasium.de\/wp-content\/uploads\/2020\/12\/Solarmobil-Bayern.png\",\"contentUrl\":\"https:\/\/www.solarmobil.jakob-fugger-gymnasium.de\/wp-content\/uploads\/2020\/12\/Solarmobil-Bayern.png\",\"width\":563,\"height\":434,\"caption\":\"SolarMobil Bayern\"},\"image\":{\"@id\":\"https:\/\/www.solarmobil.jakob-fugger-gymnasium.de\/#logo\"}},{\"@type\":\"WebSite\",\"@id\":\"https:\/\/www.solarmobil.jakob-fugger-gymnasium.de\/#website\",\"url\":\"https:\/\/www.solarmobil.jakob-fugger-gymnasium.de\/\",\"name\":\"SolarMobil Bayern\",\"description\":\"Jakob-Fugger-Gymnasium\",\"publisher\":{\"@id\":\"https:\/\/www.solarmobil.jakob-fugger-gymnasium.de\/#organization\"},\"potentialAction\":[{\"@type\":\"SearchAction\",\"target\":{\"@type\":\"EntryPoint\",\"urlTemplate\":\"https:\/\/www.solarmobil.jakob-fugger-gymnasium.de\/?s={search_term_string}\"},\"query-input\":\"required name=search_term_string\"}],\"inLanguage\":\"de\"},{\"@type\":\"ImageObject\",\"@id\":\"https:\/\/www.solarmobil.jakob-fugger-gymnasium.de\/?page_id=260#primaryimage\",\"inLanguage\":\"de\",\"url\":\"https:\/\/www.solarmobil.jakob-fugger-gymnasium.de\/wp-content\/uploads\/2021\/04\/icon-1728556_640.jpg\",\"contentUrl\":\"https:\/\/www.solarmobil.jakob-fugger-gymnasium.de\/wp-content\/uploads\/2021\/04\/icon-1728556_640.jpg\",\"width\":640,\"height\":640},{\"@type\":\"WebPage\",\"@id\":\"https:\/\/www.solarmobil.jakob-fugger-gymnasium.de\/?page_id=260#webpage\",\"url\":\"https:\/\/www.solarmobil.jakob-fugger-gymnasium.de\/?page_id=260\",\"name\":\"Download -\",\"isPartOf\":{\"@id\":\"https:\/\/www.solarmobil.jakob-fugger-gymnasium.de\/#website\"},\"primaryImageOfPage\":{\"@id\":\"https:\/\/www.solarmobil.jakob-fugger-gymnasium.de\/?page_id=260#primaryimage\"},\"datePublished\":\"2014-04-07T18:57:03+00:00\",\"dateModified\":\"2023-06-14T11:14:41+00:00\",\"description\":\"Download-Bereich f\u00fcr alle wichtigen Informationen rund um den Technikwettbewerb SolarMobil Bayern\",\"breadcrumb\":{\"@id\":\"https:\/\/www.solarmobil.jakob-fugger-gymnasium.de\/?page_id=260#breadcrumb\"},\"inLanguage\":\"de\",\"potentialAction\":[{\"@type\":\"ReadAction\",\"target\":[\"https:\/\/www.solarmobil.jakob-fugger-gymnasium.de\/?page_id=260\"]}]},{\"@type\":\"BreadcrumbList\",\"@id\":\"https:\/\/www.solarmobil.jakob-fugger-gymnasium.de\/?page_id=260#breadcrumb\",\"itemListElement\":[{\"@type\":\"ListItem\",\"position\":1,\"name\":\"Startseite\",\"item\":\"https:\/\/www.solarmobil.jakob-fugger-gymnasium.de\/\"},{\"@type\":\"ListItem\",\"position\":2,\"name\":\"Download\"}]}]}<\/script>\n<!-- \/ Yoast SEO plugin. -->","yoast_head_json":{"title":"Download -","description":"Download-Bereich f\u00fcr alle wichtigen Informationen rund um den Technikwettbewerb SolarMobil Bayern","robots":{"index":"index","follow":"follow","max-snippet":"max-snippet:-1","max-image-preview":"max-image-preview:large","max-video-preview":"max-video-preview:-1"},"canonical":"https:\/\/www.solarmobil.jakob-fugger-gymnasium.de\/?page_id=260","og_locale":"de_DE","og_type":"article","og_title":"Download -","og_description":"Download-Bereich f\u00fcr alle wichtigen Informationen rund um den Technikwettbewerb SolarMobil Bayern","og_url":"https:\/\/www.solarmobil.jakob-fugger-gymnasium.de\/?page_id=260","og_site_name":"SolarMobil Bayern","article_modified_time":"2023-06-14T11:14:41+00:00","og_image":[{"url":"https:\/\/www.solarmobil.jakob-fugger-gymnasium.de\/wp-content\/uploads\/2021\/04\/icon-1728556_640-150x150.jpg"}],"twitter_card":"summary_large_image","twitter_misc":{"Gesch\u00e4tzte Lesezeit":"2\u00a0Minuten"},"schema":{"@context":"https:\/\/schema.org","@graph":[{"@type":"Organization","@id":"https:\/\/www.solarmobil.jakob-fugger-gymnasium.de\/#organization","name":"SolarMobil Bayern","url":"https:\/\/www.solarmobil.jakob-fugger-gymnasium.de\/","sameAs":[],"logo":{"@type":"ImageObject","@id":"https:\/\/www.solarmobil.jakob-fugger-gymnasium.de\/#logo","inLanguage":"de","url":"https:\/\/www.solarmobil.jakob-fugger-gymnasium.de\/wp-content\/uploads\/2020\/12\/Solarmobil-Bayern.png","contentUrl":"https:\/\/www.solarmobil.jakob-fugger-gymnasium.de\/wp-content\/uploads\/2020\/12\/Solarmobil-Bayern.png","width":563,"height":434,"caption":"SolarMobil Bayern"},"image":{"@id":"https:\/\/www.solarmobil.jakob-fugger-gymnasium.de\/#logo"}},{"@type":"WebSite","@id":"https:\/\/www.solarmobil.jakob-fugger-gymnasium.de\/#website","url":"https:\/\/www.solarmobil.jakob-fugger-gymnasium.de\/","name":"SolarMobil Bayern","description":"Jakob-Fugger-Gymnasium","publisher":{"@id":"https:\/\/www.solarmobil.jakob-fugger-gymnasium.de\/#organization"},"potentialAction":[{"@type":"SearchAction","target":{"@type":"EntryPoint","urlTemplate":"https:\/\/www.solarmobil.jakob-fugger-gymnasium.de\/?s={search_term_string}"},"query-input":"required name=search_term_string"}],"inLanguage":"de"},{"@type":"ImageObject","@id":"https:\/\/www.solarmobil.jakob-fugger-gymnasium.de\/?page_id=260#primaryimage","inLanguage":"de","url":"https:\/\/www.solarmobil.jakob-fugger-gymnasium.de\/wp-content\/uploads\/2021\/04\/icon-1728556_640.jpg","contentUrl":"https:\/\/www.solarmobil.jakob-fugger-gymnasium.de\/wp-content\/uploads\/2021\/04\/icon-1728556_640.jpg","width":640,"height":640},{"@type":"WebPage","@id":"https:\/\/www.solarmobil.jakob-fugger-gymnasium.de\/?page_id=260#webpage","url":"https:\/\/www.solarmobil.jakob-fugger-gymnasium.de\/?page_id=260","name":"Download -","isPartOf":{"@id":"https:\/\/www.solarmobil.jakob-fugger-gymnasium.de\/#website"},"primaryImageOfPage":{"@id":"https:\/\/www.solarmobil.jakob-fugger-gymnasium.de\/?page_id=260#primaryimage"},"datePublished":"2014-04-07T18:57:03+00:00","dateModified":"2023-06-14T11:14:41+00:00","description":"Download-Bereich f\u00fcr alle wichtigen Informationen rund um den Technikwettbewerb SolarMobil Bayern","breadcrumb":{"@id":"https:\/\/www.solarmobil.jakob-fugger-gymnasium.de\/?page_id=260#breadcrumb"},"inLanguage":"de","potentialAction":[{"@type":"ReadAction","target":["https:\/\/www.solarmobil.jakob-fugger-gymnasium.de\/?page_id=260"]}]},{"@type":"BreadcrumbList","@id":"https:\/\/www.solarmobil.jakob-fugger-gymnasium.de\/?page_id=260#breadcrumb","itemListElement":[{"@type":"ListItem","position":1,"name":"Startseite","item":"https:\/\/www.solarmobil.jakob-fugger-gymnasium.de\/"},{"@type":"ListItem","position":2,"name":"Download"}]}]}},"_links":{"self":[{"href":"https:\/\/www.solarmobil.jakob-fugger-gymnasium.de\/index.php?rest_route=\/wp\/v2\/pages\/260"}],"collection":[{"href":"https:\/\/www.solarmobil.jakob-fugger-gymnasium.de\/index.php?rest_route=\/wp\/v2\/pages"}],"about":[{"href":"https:\/\/www.solarmobil.jakob-fugger-gymnasium.de\/index.php?rest_route=\/wp\/v2\/types\/page"}],"author":[{"embeddable":true,"href":"https:\/\/www.solarmobil.jakob-fugger-gymnasium.de\/index.php?rest_route=\/wp\/v2\/users\/2"}],"replies":[{"embeddable":true,"href":"https:\/\/www.solarmobil.jakob-fugger-gymnasium.de\/index.php?rest_route=%2Fwp%2Fv2%2Fcomments&post=260"}],"version-history":[{"count":49,"href":"https:\/\/www.solarmobil.jakob-fugger-gymnasium.de\/index.php?rest_route=\/wp\/v2\/pages\/260\/revisions"}],"predecessor-version":[{"id":1752,"href":"https:\/\/www.solarmobil.jakob-fugger-gymnasium.de\/index.php?rest_route=\/wp\/v2\/pages\/260\/revisions\/1752"}],"wp:attachment":[{"href":"https:\/\/www.solarmobil.jakob-fugger-gymnasium.de\/index.php?rest_route=%2Fwp%2Fv2%2Fmedia&parent=260"}],"curies":[{"name":"wp","href":"https:\/\/api.w.org\/{rel}","templated":true}]}}