{"id":39,"date":"2021-02-12T16:28:04","date_gmt":"2021-02-12T15:28:04","guid":{"rendered":"http:\/\/www.solarmobil.jakob-fugger-gymnasium.de\/?page_id=39"},"modified":"2021-09-18T19:28:39","modified_gmt":"2021-09-18T18:28:39","slug":"regionalwettbewerb-solarmobil-augsburg","status":"publish","type":"page","link":"https:\/\/www.solarmobil.jakob-fugger-gymnasium.de\/?page_id=39","title":{"rendered":"Regionalwettbewerb in Augsburg"},"content":{"rendered":"<p>Am 24.06.2021 fand mit einem ausgefeilten Hygienekonzept, zum siebten Mal der Regionalwettbewerb Bayern des bundesweiten Technik-Wettbewerbs <a href=\"https:\/\/solarmobil-deutschland.de\/\" target=\"_blank\" rel=\"noopener\">SolarMobil Deutschland<\/a> dieses Mal beim VDI-Lab in Augbsburg statt.<\/p>\n<p>Pro weiterf\u00fchrende Schule waren maximal so viele Teams in der Kreativklasse (3. bis 10. Jahrgangsstufe) zugelassen, wie die Schule Teams in der Ultraleichtklasse (3. bis 8. Jahrgangsstufe bzw. 9.-12. Jahrgangsstufe) meldet. Die Teilnahmegeb\u00fchr betr\u00e4gt unver\u00e4ndert nur 10\u20ac pro Team (u.a. f\u00fcr die Verpflegung am Wettbewerbstag).<\/p>\n<p>Das Reglement (Stand 04\/2021) f\u00fcr beide Klassen finden Sie im Bereich <a title=\"Regeln\" href=\"https:\/\/www.solarmobil.jakob-fugger-gymnasium.de\/?page_id=160\">Regeln<\/a>. Um die Siegerfahrzeuge f\u00fcr den Bundeswettbewerb nicht umbauen zu m\u00fcssen, l\u00e4uft der Regionalwettbewerb Bayern im wesentlichen nach den offiziellen Regeln des bundesweiten Wettbewerbs 2021 ab.<\/p>\n<p>Die besten Teams der Ultraleichtklasse, der Kreativklasse, der Solar-E-Klasse und der Azubiklasse qualifizieren sich f\u00fcr den bundesweiten Wettbewerb, der in diesem Jahr im September 2021 voraussichtlich in Kassel&nbsp; stattfinden wird. Die Teilnahme erfolgt unabh\u00e4ngig von der Regionalausscheidung.<\/p>\n<p>Weitere Fragen Ihrerseits beantworten wir Ihnen gerne.&nbsp;Nutzen sie dazu die <a title=\"Kontakt\" href=\"https:\/\/www.solarmobil.jakob-fugger-gymnasium.de\/?page_id=223\" target=\"_blank\" rel=\"noopener noreferrer\">Kontaktseite<\/a>.<\/p>\n","protected":false},"excerpt":{"rendered":"<p>Am 24.06.2021 fand mit einem ausgefeilten Hygienekonzept, zum siebten Mal der Regionalwettbewerb Bayern des bundesweiten Technik-Wettbewerbs SolarMobil Deutschland dieses Mal beim VDI-Lab in Augbsburg statt. Pro weiterf\u00fchrende Schule waren maximal so viele Teams in der Kreativklasse (3. bis 10. Jahrgangsstufe)<span class=\"ellipsis\">&hellip;<\/span><\/p>\n<div class=\"read-more\"><a href=\"https:\/\/www.solarmobil.jakob-fugger-gymnasium.de\/?page_id=39\">Weiterlesen \u203a<\/a><\/div>\n<p><!-- end of .read-more --><\/p>\n","protected":false},"author":4,"featured_media":0,"parent":0,"menu_order":10,"comment_status":"closed","ping_status":"closed","template":"","meta":{"ngg_post_thumbnail":0},"yoast_head":"<!-- This site is optimized with the Yoast SEO plugin v18.4.1 - https:\/\/yoast.com\/wordpress\/plugins\/seo\/ -->\n<title>- Regionalwettbewerb in Augsburg %<\/title>\n<meta name=\"description\" content=\"Am 24.06.2021 findet zum siebten Mal eine Regionalwettbewerb Bayern des bundesweiten Technik-Wettbewerbs SolarMobil an der Hochschule Augsburg statt.\" \/>\n<meta name=\"robots\" content=\"index, follow, max-snippet:-1, max-image-preview:large, max-video-preview:-1\" \/>\n<link rel=\"canonical\" href=\"https:\/\/www.solarmobil.jakob-fugger-gymnasium.de\/?page_id=39\" \/>\n<meta property=\"og:locale\" content=\"de_DE\" \/>\n<meta property=\"og:type\" content=\"article\" \/>\n<meta property=\"og:title\" content=\"- Regionalwettbewerb in Augsburg %\" \/>\n<meta property=\"og:description\" content=\"Am 24.06.2021 findet zum siebten Mal eine Regionalwettbewerb Bayern des bundesweiten Technik-Wettbewerbs SolarMobil an der Hochschule Augsburg statt.\" \/>\n<meta property=\"og:url\" content=\"https:\/\/www.solarmobil.jakob-fugger-gymnasium.de\/?page_id=39\" \/>\n<meta property=\"og:site_name\" content=\"SolarMobil Bayern\" \/>\n<meta property=\"article:modified_time\" content=\"2021-09-18T18:28:39+00:00\" \/>\n<meta name=\"twitter:card\" content=\"summary_large_image\" \/>\n<meta name=\"twitter:label1\" content=\"Gesch\u00e4tzte Lesezeit\" \/>\n\t<meta name=\"twitter:data1\" content=\"1\u00a0Minute\" \/>\n<script type=\"application\/ld+json\" class=\"yoast-schema-graph\">{\"@context\":\"https:\/\/schema.org\",\"@graph\":[{\"@type\":\"Organization\",\"@id\":\"https:\/\/www.solarmobil.jakob-fugger-gymnasium.de\/#organization\",\"name\":\"SolarMobil Bayern\",\"url\":\"https:\/\/www.solarmobil.jakob-fugger-gymnasium.de\/\",\"sameAs\":[],\"logo\":{\"@type\":\"ImageObject\",\"@id\":\"https:\/\/www.solarmobil.jakob-fugger-gymnasium.de\/#logo\",\"inLanguage\":\"de\",\"url\":\"https:\/\/www.solarmobil.jakob-fugger-gymnasium.de\/wp-content\/uploads\/2020\/12\/Solarmobil-Bayern.png\",\"contentUrl\":\"https:\/\/www.solarmobil.jakob-fugger-gymnasium.de\/wp-content\/uploads\/2020\/12\/Solarmobil-Bayern.png\",\"width\":563,\"height\":434,\"caption\":\"SolarMobil Bayern\"},\"image\":{\"@id\":\"https:\/\/www.solarmobil.jakob-fugger-gymnasium.de\/#logo\"}},{\"@type\":\"WebSite\",\"@id\":\"https:\/\/www.solarmobil.jakob-fugger-gymnasium.de\/#website\",\"url\":\"https:\/\/www.solarmobil.jakob-fugger-gymnasium.de\/\",\"name\":\"SolarMobil Bayern\",\"description\":\"Jakob-Fugger-Gymnasium\",\"publisher\":{\"@id\":\"https:\/\/www.solarmobil.jakob-fugger-gymnasium.de\/#organization\"},\"potentialAction\":[{\"@type\":\"SearchAction\",\"target\":{\"@type\":\"EntryPoint\",\"urlTemplate\":\"https:\/\/www.solarmobil.jakob-fugger-gymnasium.de\/?s={search_term_string}\"},\"query-input\":\"required name=search_term_string\"}],\"inLanguage\":\"de\"},{\"@type\":\"WebPage\",\"@id\":\"https:\/\/www.solarmobil.jakob-fugger-gymnasium.de\/?page_id=39#webpage\",\"url\":\"https:\/\/www.solarmobil.jakob-fugger-gymnasium.de\/?page_id=39\",\"name\":\"- Regionalwettbewerb in Augsburg %\",\"isPartOf\":{\"@id\":\"https:\/\/www.solarmobil.jakob-fugger-gymnasium.de\/#website\"},\"datePublished\":\"2021-02-12T15:28:04+00:00\",\"dateModified\":\"2021-09-18T18:28:39+00:00\",\"description\":\"Am 24.06.2021 findet zum siebten Mal eine Regionalwettbewerb Bayern des bundesweiten Technik-Wettbewerbs SolarMobil an der Hochschule Augsburg statt.\",\"breadcrumb\":{\"@id\":\"https:\/\/www.solarmobil.jakob-fugger-gymnasium.de\/?page_id=39#breadcrumb\"},\"inLanguage\":\"de\",\"potentialAction\":[{\"@type\":\"ReadAction\",\"target\":[\"https:\/\/www.solarmobil.jakob-fugger-gymnasium.de\/?page_id=39\"]}]},{\"@type\":\"BreadcrumbList\",\"@id\":\"https:\/\/www.solarmobil.jakob-fugger-gymnasium.de\/?page_id=39#breadcrumb\",\"itemListElement\":[{\"@type\":\"ListItem\",\"position\":1,\"name\":\"Startseite\",\"item\":\"https:\/\/www.solarmobil.jakob-fugger-gymnasium.de\/\"},{\"@type\":\"ListItem\",\"position\":2,\"name\":\"Regionalwettbewerb in Augsburg\"}]}]}<\/script>\n<!-- \/ Yoast SEO plugin. -->","yoast_head_json":{"title":"- Regionalwettbewerb in Augsburg %","description":"Am 24.06.2021 findet zum siebten Mal eine Regionalwettbewerb Bayern des bundesweiten Technik-Wettbewerbs SolarMobil an der Hochschule Augsburg statt.","robots":{"index":"index","follow":"follow","max-snippet":"max-snippet:-1","max-image-preview":"max-image-preview:large","max-video-preview":"max-video-preview:-1"},"canonical":"https:\/\/www.solarmobil.jakob-fugger-gymnasium.de\/?page_id=39","og_locale":"de_DE","og_type":"article","og_title":"- Regionalwettbewerb in Augsburg %","og_description":"Am 24.06.2021 findet zum siebten Mal eine Regionalwettbewerb Bayern des bundesweiten Technik-Wettbewerbs SolarMobil an der Hochschule Augsburg statt.","og_url":"https:\/\/www.solarmobil.jakob-fugger-gymnasium.de\/?page_id=39","og_site_name":"SolarMobil Bayern","article_modified_time":"2021-09-18T18:28:39+00:00","twitter_card":"summary_large_image","twitter_misc":{"Gesch\u00e4tzte Lesezeit":"1\u00a0Minute"},"schema":{"@context":"https:\/\/schema.org","@graph":[{"@type":"Organization","@id":"https:\/\/www.solarmobil.jakob-fugger-gymnasium.de\/#organization","name":"SolarMobil Bayern","url":"https:\/\/www.solarmobil.jakob-fugger-gymnasium.de\/","sameAs":[],"logo":{"@type":"ImageObject","@id":"https:\/\/www.solarmobil.jakob-fugger-gymnasium.de\/#logo","inLanguage":"de","url":"https:\/\/www.solarmobil.jakob-fugger-gymnasium.de\/wp-content\/uploads\/2020\/12\/Solarmobil-Bayern.png","contentUrl":"https:\/\/www.solarmobil.jakob-fugger-gymnasium.de\/wp-content\/uploads\/2020\/12\/Solarmobil-Bayern.png","width":563,"height":434,"caption":"SolarMobil Bayern"},"image":{"@id":"https:\/\/www.solarmobil.jakob-fugger-gymnasium.de\/#logo"}},{"@type":"WebSite","@id":"https:\/\/www.solarmobil.jakob-fugger-gymnasium.de\/#website","url":"https:\/\/www.solarmobil.jakob-fugger-gymnasium.de\/","name":"SolarMobil Bayern","description":"Jakob-Fugger-Gymnasium","publisher":{"@id":"https:\/\/www.solarmobil.jakob-fugger-gymnasium.de\/#organization"},"potentialAction":[{"@type":"SearchAction","target":{"@type":"EntryPoint","urlTemplate":"https:\/\/www.solarmobil.jakob-fugger-gymnasium.de\/?s={search_term_string}"},"query-input":"required name=search_term_string"}],"inLanguage":"de"},{"@type":"WebPage","@id":"https:\/\/www.solarmobil.jakob-fugger-gymnasium.de\/?page_id=39#webpage","url":"https:\/\/www.solarmobil.jakob-fugger-gymnasium.de\/?page_id=39","name":"- Regionalwettbewerb in Augsburg %","isPartOf":{"@id":"https:\/\/www.solarmobil.jakob-fugger-gymnasium.de\/#website"},"datePublished":"2021-02-12T15:28:04+00:00","dateModified":"2021-09-18T18:28:39+00:00","description":"Am 24.06.2021 findet zum siebten Mal eine Regionalwettbewerb Bayern des bundesweiten Technik-Wettbewerbs SolarMobil an der Hochschule Augsburg statt.","breadcrumb":{"@id":"https:\/\/www.solarmobil.jakob-fugger-gymnasium.de\/?page_id=39#breadcrumb"},"inLanguage":"de","potentialAction":[{"@type":"ReadAction","target":["https:\/\/www.solarmobil.jakob-fugger-gymnasium.de\/?page_id=39"]}]},{"@type":"BreadcrumbList","@id":"https:\/\/www.solarmobil.jakob-fugger-gymnasium.de\/?page_id=39#breadcrumb","itemListElement":[{"@type":"ListItem","position":1,"name":"Startseite","item":"https:\/\/www.solarmobil.jakob-fugger-gymnasium.de\/"},{"@type":"ListItem","position":2,"name":"Regionalwettbewerb in Augsburg"}]}]}},"_links":{"self":[{"href":"https:\/\/www.solarmobil.jakob-fugger-gymnasium.de\/index.php?rest_route=\/wp\/v2\/pages\/39"}],"collection":[{"href":"https:\/\/www.solarmobil.jakob-fugger-gymnasium.de\/index.php?rest_route=\/wp\/v2\/pages"}],"about":[{"href":"https:\/\/www.solarmobil.jakob-fugger-gymnasium.de\/index.php?rest_route=\/wp\/v2\/types\/page"}],"author":[{"embeddable":true,"href":"https:\/\/www.solarmobil.jakob-fugger-gymnasium.de\/index.php?rest_route=\/wp\/v2\/users\/4"}],"replies":[{"embeddable":true,"href":"https:\/\/www.solarmobil.jakob-fugger-gymnasium.de\/index.php?rest_route=%2Fwp%2Fv2%2Fcomments&post=39"}],"version-history":[{"count":59,"href":"https:\/\/www.solarmobil.jakob-fugger-gymnasium.de\/index.php?rest_route=\/wp\/v2\/pages\/39\/revisions"}],"predecessor-version":[{"id":1656,"href":"https:\/\/www.solarmobil.jakob-fugger-gymnasium.de\/index.php?rest_route=\/wp\/v2\/pages\/39\/revisions\/1656"}],"wp:attachment":[{"href":"https:\/\/www.solarmobil.jakob-fugger-gymnasium.de\/index.php?rest_route=%2Fwp%2Fv2%2Fmedia&parent=39"}],"curies":[{"name":"wp","href":"https:\/\/api.w.org\/{rel}","templated":true}]}}

<p>Am 24.06.2021 fand mit einem ausgefeilten Hygienekonzept, zum siebten Mal der Regionalwettbewerb Bayern des bundesweiten Technik-Wettbewerbs <a href="https://solarmobil-deutschland.de/" target="_blank" rel="noopener">SolarMobil Deutschland</a> dieses Mal beim VDI-Lab in Augbsburg statt.</p>
<p>Pro weiterführende Schule waren maximal so viele Teams in der Kreativklasse (3. bis 10. Jahrgangsstufe) zugelassen, wie die Schule Teams in der Ultraleichtklasse (3. bis 8. Jahrgangsstufe bzw. 9.-12. Jahrgangsstufe) meldet. Die Teilnahmegebühr beträgt unverändert nur 10€ pro Team (u.a. für die Verpflegung am Wettbewerbstag).</p>
<p>Das Reglement (Stand 04/2021) für beide Klassen finden Sie im Bereich <a title="Regeln" href="https://www.solarmobil.jakob-fugger-gymnasium.de/?page_id=160">Regeln</a>. Um die Siegerfahrzeuge für den Bundeswettbewerb nicht umbauen zu müssen, läuft der Regionalwettbewerb Bayern im wesentlichen nach den offiziellen Regeln des bundesweiten Wettbewerbs 2021 ab.</p>
<p>Die besten Teams der Ultraleichtklasse, der Kreativklasse, der Solar-E-Klasse und der Azubiklasse qualifizieren sich für den bundesweiten Wettbewerb, der in diesem Jahr im September 2021 voraussichtlich in Kassel&nbsp; stattfinden wird. Die Teilnahme erfolgt unabhängig von der Regionalausscheidung.</p>
<p>Weitere Fragen Ihrerseits beantworten wir Ihnen gerne.&nbsp;Nutzen sie dazu die <a title="Kontakt" href="https://www.solarmobil.jakob-fugger-gymnasium.de/?page_id=223" target="_blank" rel="noopener noreferrer">Kontaktseite</a>.</p>

<p>Am 24.06.2021 fand mit einem ausgefeilten Hygienekonzept, zum siebten Mal der Regionalwettbewerb Bayern des bundesweiten Technik-Wettbewerbs SolarMobil Deutschland dieses Mal beim VDI-Lab in Augbsburg statt. Pro weiterführende Schule waren maximal so viele Teams in der Kreativklasse (3. bis 10. Jahrgangsstufe)<span class="ellipsis">&hellip;</span></p>
<div class="read-more"><a href="https://www.solarmobil.jakob-fugger-gymnasium.de/?page_id=39">Weiterlesen ›</a></div>
<p><!-- end of .read-more --></p>

<!-- This site is optimized with the Yoast SEO plugin v18.4.1 - https://yoast.com/wordpress/plugins/seo/ -->
<title>- Regionalwettbewerb in Augsburg %</title>
<meta name="description" content="Am 24.06.2021 findet zum siebten Mal eine Regionalwettbewerb Bayern des bundesweiten Technik-Wettbewerbs SolarMobil an der Hochschule Augsburg statt." />
<meta name="robots" content="index, follow, max-snippet:-1, max-image-preview:large, max-video-preview:-1" />
<link rel="canonical" href="https://www.solarmobil.jakob-fugger-gymnasium.de/?page_id=39" />
<meta property="og:locale" content="de_DE" />
<meta property="og:type" content="article" />
<meta property="og:title" content="- Regionalwettbewerb in Augsburg %" />
<meta property="og:description" content="Am 24.06.2021 findet zum siebten Mal eine Regionalwettbewerb Bayern des bundesweiten Technik-Wettbewerbs SolarMobil an der Hochschule Augsburg statt." />
<meta property="og:url" content="https://www.solarmobil.jakob-fugger-gymnasium.de/?page_id=39" />
<meta property="og:site_name" content="SolarMobil Bayern" />
<meta property="article:modified_time" content="2021-09-18T18:28:39+00:00" />
<meta name="twitter:card" content="summary_large_image" />
<meta name="twitter:label1" content="Geschätzte Lesezeit" />
	<meta name="twitter:data1" content="1 Minute" />
<script type="application/ld+json" class="yoast-schema-graph">{"@context":"https://schema.org","@graph":[{"@type":"Organization","@id":"https://www.solarmobil.jakob-fugger-gymnasium.de/#organization","name":"SolarMobil Bayern","url":"https://www.solarmobil.jakob-fugger-gymnasium.de/","sameAs":[],"logo":{"@type":"ImageObject","@id":"https://www.solarmobil.jakob-fugger-gymnasium.de/#logo","inLanguage":"de","url":"https://www.solarmobil.jakob-fugger-gymnasium.de/wp-content/uploads/2020/12/Solarmobil-Bayern.png","contentUrl":"https://www.solarmobil.jakob-fugger-gymnasium.de/wp-content/uploads/2020/12/Solarmobil-Bayern.png","width":563,"height":434,"caption":"SolarMobil Bayern"},"image":{"@id":"https://www.solarmobil.jakob-fugger-gymnasium.de/#logo"}},{"@type":"WebSite","@id":"https://www.solarmobil.jakob-fugger-gymnasium.de/#website","url":"https://www.solarmobil.jakob-fugger-gymnasium.de/","name":"SolarMobil Bayern","description":"Jakob-Fugger-Gymnasium","publisher":{"@id":"https://www.solarmobil.jakob-fugger-gymnasium.de/#organization"},"potentialAction":[{"@type":"SearchAction","target":{"@type":"EntryPoint","urlTemplate":"https://www.solarmobil.jakob-fugger-gymnasium.de/?s={search_term_string}"},"query-input":"required name=search_term_string"}],"inLanguage":"de"},{"@type":"WebPage","@id":"https://www.solarmobil.jakob-fugger-gymnasium.de/?page_id=39#webpage","url":"https://www.solarmobil.jakob-fugger-gymnasium.de/?page_id=39","name":"- Regionalwettbewerb in Augsburg %","isPartOf":{"@id":"https://www.solarmobil.jakob-fugger-gymnasium.de/#website"},"datePublished":"2021-02-12T15:28:04+00:00","dateModified":"2021-09-18T18:28:39+00:00","description":"Am 24.06.2021 findet zum siebten Mal eine Regionalwettbewerb Bayern des bundesweiten Technik-Wettbewerbs SolarMobil an der Hochschule Augsburg statt.","breadcrumb":{"@id":"https://www.solarmobil.jakob-fugger-gymnasium.de/?page_id=39#breadcrumb"},"inLanguage":"de","potentialAction":[{"@type":"ReadAction","target":["https://www.solarmobil.jakob-fugger-gymnasium.de/?page_id=39"]}]},{"@type":"BreadcrumbList","@id":"https://www.solarmobil.jakob-fugger-gymnasium.de/?page_id=39#breadcrumb","itemListElement":[{"@type":"ListItem","position":1,"name":"Startseite","item":"https://www.solarmobil.jakob-fugger-gymnasium.de/"},{"@type":"ListItem","position":2,"name":"Regionalwettbewerb in Augsburg"}]}]}</script>
<!-- / Yoast SEO plugin. -->
